(base 7) to base 4.
21
9 (base 10) to base 7
12
What is -1000 (base 2) in base 12?
-8
Convert -14 (base 9) to base 14.
-d
Convert -101 (base 2) to base 5.
-10
-69 (base 11) to base 6
-203
What is -3 (base 13) in base 10?
-3
What is -218 (base 11) in base 6?
-1113
Convert 109 (base 13) to base 5.
1203
Convert 0 (base 7) to base 15.
0
What is 14 (base 15) in base 3?
201
What is -31 (base 10) in base 9?
-34
Convert 10 (base 6) to base 2.
110
What is 126 (base 8) in base 10?
86
171 (base 16) to base 7
1035
-85 (base 10) to base 9
-104
-5 (base 13) to base 9
-5
3 (base 11) to base 12
3
Convert -110011 (base 2) to base 15.
-36
Convert 20 (base 4) to base 9.
8
Convert -20020 (base 3) to base 15.
-b3
a6 (base 12) to base 9
150
What is 131 (base 10) in base 8?
203
What is 3 (base 7) in base 8?
3
Convert 11 (base 12) to base 10.
13
Convert 3 (base 13) to base 9.
3
What is -22 (base 3) in base 6?
-12
36 (base 16) to base 12
46
0 (base 14) to base 7
0
Convert 1 (base 7) to base 8.
1
Convert -101100010 (base 2) to base 3.
-111010
What is -101 (base 2) in base 15?
-5
What is 11101 (base 2) in base 11?
27
5 (base 8) to base 2
101
Convert 101 (base 15) to base 6.
1014
What is -344 (base 5) in base 8?
-143
-10 (base 10) to base 13
-a
Convert -4 (base 7) to base 9.
-4
120 (base 3) to base 8
17
7 (base 11) to base 13
7
-2 (base 12) to base 16
-2
Convert 52 (base 8) to base 6.
110
What is -30 (base 6) in base 2?
-10010
What is -231 (base 6) in base 13?
-70
-1032 (base 4) to base 11
-71
Convert -17 (base 11) to base 6.
-30
-42 (base 12) to base 10
-50
Convert 7 (base 10) to base 5.
12
What is -2a (base 11) in base 9?
-35
Convert 1 (base 15) to base 14.
1
What is -3 (base 16) in base 9?
-3
What is -71 (base 8) in base 15?
-3c
What is 29 (base 14) in base 3?
1101
2 (base 12) to base 7
2
50 (base 9) to base 16
2d
What is 20 (base 3) in base 13?
6
Convert 31 (base 4) to base 16.
d
Convert 6 (base 16) to base 2.
110
2 (base 10) to base 8
2
Convert -100 (base 2) to base 8.
-4
-a6 (base 14) to base 16
-92
-4 (base 16) to base 5
-4
What is 12 (base 10) in base 13?
c
What is 2a (base 14) in base 13?
2c
What is -28 (base 14) in base 15?
-26
What is 23 (base 8) in base 2?
10011
Convert -5 (base 14) to base 6.
-5
18 (base 11) to base 13
16
ad (base 14) to base 11
12a
Convert 3 (base 7) to base 9.
3
Convert -114 (base 10) to base 13.
-8a
Convert -121 (base 8) to base 4.
-1101
What is -70 (base 8) in base 10?
-56
What is 4 (base 11) in base 8?
4
Convert -135 (base 6) to base 5.
-214
What is -10 (base 4) in base 15?
-4
12 (base 10) to base 11
11
-31 (base 7) to base 3
-211
-232 (base 4) to base 6
-114
-21 (base 10) to base 11
-1a
Convert 1021 (base 5) to base 9.
161
What is 4d (base 14) in base 5?
234
1011100 (base 2) to base 14
68
Convert -3 (base 15) to base 10.
-3
What is 2 (base 9) in base 16?
2
What is -5 (base 16) in base 8?
-5
Convert -1110 (base 3) to base 14.
-2b
115 (base 9) to base 3
10112
-6 (base 9) to base 10
-6
What is 101011 (base 2) in base 3?
1121
Convert 200 (base 3) to base 16.
12
64 (base 7) to base 14
34
What is -29 (base 16) in base 5?
-131
10000000 (base 2) to base 4
2000
Convert 110 (base 6) to base 8.
52
Convert 19 (base 13) to base 12.
1a
Convert 2 (base 5) to base 13.
2
Convert -131 (base 6) to base 7.
-106
-6 (base 11) to base 4
-12
Convert 101001 (base 2) to base 9.
45
What is -10 (base 3) in base 9?
-3
Convert -31 (base 4) to base 12.
-11
What is -11 (base 6) in base 5?
-12
-111 (base 2) to base 16
-7
6 (base 16) to base 12
6
1000000 (base 2) to base 3
2101
What is -100110 (base 2) in base 6?
-102
Convert 25 (base 9) to base 6.
35
Convert 301 (base 4) to base 12.
41
What is 100 (base 2) in base 7?
4
What is 131 (base 8) in base 16?
59
What is -17 (base 13) in base 9?
-22
Convert -8 (base 12) to base 5.
-13
-1 (base 5) to base 4
-1
-11010 (base 2) to base 16
-1a
3 (base 14) to base 7
3
Convert -356 (base 8) to base 9.
-284
Convert -49 (base 13) to base 2.
-111101
What is 0 (base 6) in base 5?
0
-1 (base 10) to base 2
-1
What is 1 (base 14) in base 8?
1
What is -21 (base 7) in base 14?
-11
-3 (base 8) to base 15
-3
Convert 13 (base 13) to base 5.
31
Convert 0 (base 4) to base 15.
0
Convert 323 (base 5) to base 9.
107
2 (base 13) to base 5
2
-68 (base 10) to base 11
-62
3 (base 10) to base 13
3
Convert 6 (base 14) to base 2.
110
0 (base 14) to base 13
0
11 (base 13) to base 9
15
3 (base 7) to base 5
3
What is 3 (base 14) in base 16?
3
What is 19 (base 13) in base 4?
112
210 (base 3) to base 8
25
-8 (base 14) to base 5
-13
4 (base 15) to base 8
4
7 (base 13) to base 5
12
What is 103 (base 4) in base 7?
25
What is -201 (base 6) in base 2?
-1001001
What is 12200 (base 3) in base 10?
153
Convert 14 (base 10) to base 3.
112
Convert -72 (base 15) to base 5.
-412
2 (base 8) to base 3
2
Convert 50 (base 11) to base 14.
3d
2 (base 3) to base 4
2
-22002 (base 3) to base 8
-332
2 (base 6) to base 8
2
Convert 2 (base 12) to base 15.
2
Convert 76 (base 13) to base 7.
166
-202 (base 3) to base 13
-17
What is -12 (base 8) in base 3?
-101
Convert 93 (base 10) to base 6.
233
-23 (base 7) to base 11
-16
Convert -2 (base 11) to base 14.
-2
-223 (base 5) to base 14
-47
What is -10 (base 4) in base 13?
-4
What is 2 (base 4) in base 2?
10
29 (base 10) to base 5
104
What is -1d (base 15) in base 7?
-40
Convert 40 (base 9) to base 16.
24
What is 302 (base 7) in base 14?
a9
What is -2 (base 16) in base 5?
-2
Convert 12 (base 13) to base 5.
30
Convert 104 (base 6) to base 14.
2c
What is 1 (base 3) in base 13?
1
-1 (base 14) to base 6
-1
Convert 10 (base 10) to base 7.
13
Convert -14 (base 8) to base 4.
-30
13 (base 4) to base 16
7
-35 (base 15) to base 8
-62
-2 (base 14) to base 11
-2
What is -73 (base 15) in base 13?
-84
What is -220 (base 4) in base 5?
-130
Convert -43 (base 15) to base 3.
-2100
What is 1 (base 13) in base 12?
1
What is -3 (base 10) in base 4?
-3
Convert 300 (base 6) to base 3.
11000
23 (base 7) to base 8
21
-1001110 (base 2) to base 12
-66
What is 360 (base 10) in base 4?
11220
-234 (base 8) to base 9
-183
Convert -50 (base 8) to base 4.
-220
What is -65 (base 13) in base 9?
-102
Convert 4 (base 7) to base 6.
4
Convert -154 (base 8) to base 9.
-130
Convert -100202 (base 3) to base 16.
-107
-1011 (base 3) to base 11
-29
Convert -1 (base 8) to base 12.
-1
-10 (base 5) to base 16
-5
What is 10223 (base 4) in base 8?
453
6 (base 7) to base 16
6
What is 30 (base 7) in base 5?
41
-195 (base 14) to base 11
-278
Convert -202 (base 7) to base 5.
-400
Convert 21 (base 4) to base 11.
9
What is a6 (base 11) in base 15?
7b
Convert -48 (base 11) to base 12.
-44
What is 30 (base 5) in base 14?
11
Convert -130 (base 12) to base 6.
-500
What is 10 (base 9) in base 16?
9
Convert -10 (base 7) to base 14.
-7
What is 23 (base 6) in base 5?
30
What is 20 (base 5) in base 11?
a
What is 6 (base 14) in base 10?
6
Convert -46 (base 8) to base 7.
-53
Convert 10111 (base 2) to base 3.
212
What is 21 (base 7) in base 3?
120
What is -100010110 (base 2) in base 15?
-138
Convert 2 (base 14) to base 10.
2
Convert 7 (base 13) to base 6.
11
Convert -16 (base 8) to base 11.
-13
What is 21 (base 7) in base 3?
120
-15 (base 6) to base 2
-1011
Convert 29 (base 10) to base 11.
27
Convert 1122 (base 3) to base 16.
2c
Convert -b5 (base 16) to base 10.
-181
1 (base 2) to base 16
1
What is 100 (base 13) in base 10?
169
-5 (base 9) to base 4
-11
What is 25 (base 11) in base 9?
30
What is -20 (base 16) in base 14?
-24
Convert b (base 12) to base 2.
1011
What is -633 (base 8) in base 3?
-120020
42 (base 9) to base 7
53
Convert 10e (base 15) to base 13.
155
-40 (base 11) to base 15
-2e
-110011 (base 2) to base 6
-123
22021 (base 3) to base 16
df
Convert -a (base 15) to base 14.
-a
-28 (base 14) to base 15
-26
What is -1001 (base 3) in base 8?
-34
What is 10 (base 7) in base 15?
7
What is -6 (base 12) in base 8?
-6
What is 11 (base 5) in base 4?
12
Convert 1001 (base 2) to base 15.
9
What is 10 (base 3) in base 14?
3
What is -b (base 15) in base 3?
-102
Convert -1 (base 12) to base 10.
-1
What is 53 (base 6) in base 13?
27
Convert 14 (base 12) to base 6.
24
Convert -32 (base 10) to base 6.
-52
Convert 70 (base 14) to base 13.
77
113 (base 5) to base 14
25
4 (base 6) to base 16
4
-12 (base 4) to base 